 the prime factors of z + (18/(-2))/j.
5
Let u(g) = -3*g - 1. Let l be u(-2). Suppose -c - 2*o - 74 = -l*c, c + o = 14. What are the prime factors of c?
17
Suppose -5*a = -20, -2*u + 2*a + 3*a + 70 = 0. List the prime factors of u.
3, 5
Let h(f) = 3*f + 8. What are the prime factors of h(11)?
41
Let v(n) = -n**2 - 4*n + 5. Let t(p) = -4*p. Let k be t(-1). Suppose 0 - k = q. List the prime factors of v(q).
5
Let u = -38 + 60. Suppose u = 5*a - 23. What are the prime factors of a?
3
Suppose 0*p = -3*z + 4*p - 138, -4*z - 3*p = 184. Let v = -20 - z. List the prime factors of v.
2, 13
Let k(z) be the first derivative of -2*z**3/3 + 4*z**2 + 7*z + 3. Let i be k(8). List the prime factors of i/(-9) - 2/6.
2, 3
Let x = 259 + -158. Let j = x + -58. What are the prime factors of j?
43
Let z = 505 - 205. What are the prime factors of z?
2, 3, 5
Suppose p = -4*p + 25. Suppose -2*h + p*h = 156. Suppose -4*y + y + h = 5*b, 0 = -5*y + 2*b + 35. List the prime factors of y.
3
What are the prime factors of (-9130)/(-77) - -1*8/(-14)?
2, 59
Suppose 4*r = -26 + 78. List the prime factors of r.
13
List the prime factors of 3 + 12/(-4) - (-127 - 1).
2
Suppose -2*k + 0*c + c = -44, 5*c = 5*k - 120. Let w = -5 - -10. Suppose -w*p + p = -k, 3*n - 3*p - 18 = 0. What are the prime factors of n?
11
Let n(g) = 5*g**2 - 3*g - 11. Let w be n(-5). Suppose -5*v - 14 = -w. List the prime factors of v.
23
Let m(r) = -r**2 - 16*r - 5. What are the prime factors of m(-11)?
2, 5
Let j(l) = -3*l + 2. Let f be j(-6). Suppose 3*a - f = 13. List the prime factors of a.
11
Suppose v = 4*d + 5, d + 2 = -4*v + 22. Let h = v - -7. What are the prime factors of h?
2, 3
Suppose 3*s = -5*n + 477, -n - 2*s + 105 = s. Suppose -5*l = -8*l + n. List the prime factors of l.
31
Let m = 10 - 5. Suppose 4*q = 4*j - 16, -3*j = -m*j + 5*q + 14. What are the prime factors of j?
2
Suppose -2*v = -0*v + 12. List the prime factors of (-39)/v + 4/(-8).
2, 3
Suppose 0 = 4*m + 3*c - 95, -4*c = -7*c - 9. Suppose 5*l + 2*t = 3*l + 14, -4*t + m = 3*l. Let i = l + 5. List the prime factors of i.
7
Let p(x) = -x**2 + x + 43. Let a be p(0). Suppose -a + 4 = -3*v. Suppose 4*t + 12 = 0, r = -5*t - 0*t - v. What are the prime factors of r?
2
Let y(k) be the second derivative of -k**4/12 - 4*k**3/3 + 3*k**2 - 2*k. List the prime factors of y(-7).
13
Let g = -32 - -60. Suppose -3*f + g = -f. List the prime factors of f.
2, 7
Let l(d) = d + 7. Let g be l(-7). Suppose 3*m - 8 - 46 = g. What are the prime factors of m?
2, 3
Let q be ((-6)/(-2) + -3)/(-1). Suppose 0 = -4*y - 3*s + 74, -y + 3*y + 5*s - 30 = q. What are the prime factors of y?
2, 5
Suppose -2*a = -a. Suppose a = 5*q - q - 32. Suppose 2*l - 2*n - q = 0, -4*l + 59 - 25 = 2*n. What are the prime factors of l?
7
Suppose -3*b + b = -4. Let v be 0/((-2 - -3) + -2). Suppose v*p + 4*g = -p + 10, -b*p + 5*g = -7. List the prime factors of p.
2, 3
Let r = 6 + 1. Suppose b + r = -0*b. List the prime factors of (4 + b)*-1*1.
3
Let q(z) = -z**2 + 6*z + 14. Let t(j) = j + 1. Let s(f) = q(f) - 6*t(f). Let a be s(0). Let g = 27 - a. List the prime factors of g.
19
What are the prime factors of (-7)/(28/40)*-4?
2, 5
Suppose 0 = 2*d + 3*r, -4*r = -3*d + 18 - 1. Suppose -p - l - 4*l + 18 = 0, -d*l = -3. What are the prime factors of p?
13
Let m(v) = v**3 - v + 2. Let r be m(0). Let o(x) = r - 3*x**2 + 5*x + 4*x**2 - 7. What are the prime factors of o(-7)?
3
Suppose 3*u + 3*l = -15, -2*u - 5*l - 2 - 2 = 0. Let g(z) = z**2 + 5*z - 10. What are the prime factors of g(u)?
2
Suppose 5*a = 178 - 58. List the prime factors of a.
2, 3
Let c(i) = -5*i + 3*i + 0*i + 1 + i**2 + 0. List the prime factors of c(-3).
2
Suppose 45 = -3*m + 5*h, -3*m + 2*h = 2*m + 56. What are the prime factors of 16/(-20)*(m + 0)?
2
Suppose 0 = 4*o + 2*o - 426. What are the prime factors of o?
71
Let k(x) = 12*x - 3. Let n be k(4). Suppose 4*o = o + n. List the prime factors of o.
3, 5
Let s(b) = -b**2 + 7*b - 6. Let l be s(5). Suppose l*t + 2*t - 66 = 0. List the prime factors of t.
11
Let f = -5 - -19. Let m = -5 + f. List the prime factors of m.
3
Suppose 0 = -3*c - 5 - 4. Let l = c - -12. Let p = l + -3. List the prime factors of p.
2, 3
Let t = -10 + 51. List the prime factors of t.
41
Suppose 0 = -3*j + j + 4*u + 28, 0 = -5*j + 5*u + 70. What are the prime factors of j?
2, 7
Let w(v) = 7*v + 5. Let x(i) = i + 1. Let k(g) = w(g) + 2*x(g). What are the prime factors of k(3)?
2, 17
Let c(r) = 3*r + 1. Let f be c(3). Suppose -5*u = 3*w - 4, f = -3*u + 5*w - 8. List the prime factors of 34/4 + u/2.
2
List the prime factors of -114*(-5 - -2)/6.
3, 19
Suppose 3*u + u - 12 = 0. Suppose 0*p - 15 = u*p. Let v = p - -7. List the prime factors of v.
2
Let i(j) = j. Let q(w) = w**2 - 16*w - 18. Let p(k) = -5*i(k) - q(k). List the prime factors of p(10).
2, 7
Suppose -4*k + 5 + 3 = 0. Suppose -k*c + 5*c - 33 = 0. What are the prime factors of c?
11
Suppose -3*y = -2*y - 9. Let t = -7 - y. Let u = 26 + t. List the prime factors of u.
2, 5
Let r(b) = -2*b + 11. Let n be r(11). Let l = n - -15. List the prime factors of l.
2
Let n(m) = 2*m - 2. Let k be n(2). Suppose -7 = -k*z - 1. Suppose -3*b + w = -29, z*b - 4 = -2*w - 2*w. What are the prime factors of b?
2
Let j = -51 + 126. Let d be j + (3 - (-3 + 3)). What are the prime factors of (10/(-15))/((-4)/d)?
13
Let r(j) = -j**2 + 9*j - 2. Let f(n) = -2*n**2 + 18*n - 5. Let b(o) = -6*f(o) + 11*r(o). What are the prime factors of b(11)?
2, 3, 5
Suppose -f - 2*u - 2*u + 2 = 0, -4*f - u + 23 = 0. List the prime factors of (49/21)/(1/f).
2, 7
Suppose 0 = -g + 3*g - 8. Suppose 0 = -3*x - 3*m - 39, 2*x = -0*x + g*m - 8. List the prime factors of 3 + -4 - (0 + x).
3
Suppose 0 = 5*k - 5, -155 = -2*r - 0*r + 5*k. Suppose r + 19 = 3*d. Suppose j = -2*s + d - 6, 4*j - 4*s = 48. List the prime factors of j.
17
Suppose -4*j - 16 = 2*t + 56, 5*j = 0. Let l = t - -52. What are the prime factors of l?
2
Suppose 2*b + 5*u + 1 - 5 = 0, 2*b = 5*u + 24. List the prime factors of b.
7
Let s(c) = c**2 + 6*c - 5. Let o be s(-7). Suppose -3 = -4*h + g - 0, 4*h - o*g + 2 = 0. What are the prime factors of h?
2
List the prime factors of (-13)/((-32)/(-216)*1/(-4)).
3, 13
Suppose 3*n + 1 = 5*z - 6, 4*z + 2*n = 10. Suppose 4*d - 167 = z*f - 19, 2*d - 86 = 4*f. What are the prime factors of d?
5, 7
Let i(t) = 3*t**2 + 3*t - 4. List the prime factors of i(-2).
2
Let l(i) = i**3 + i**2 + 3. Let h be l(0). Let z = -11 + 15. Suppose z*j + h*u - 34 = 0, -u - 25 = -4*j + 1. List the prime factors of j.
7
Suppose -4 - 4 = 2*a. Let q = -3 - a. Let k = 4 - q. What are the prime factors of k?
3
Let c = -70 - -49. Let d = c - -67. List the prime factors of d.
2, 23
Suppose -o + 4*o - 1 = 5*y, -o + 4 = 2*y. Suppose 6*t = o*t + 20. List the prime factors of t.
5
Let v = 62 + -43. Suppose v = -n + 49. List the prime factors of n.
2, 3, 5
Suppose -2 = -2*f, -5*f + 229 = 8*g - 4*g. List the prime factors of g.
2, 7
Suppose -3*b = -8*b + 210. Let x = b + -70. Let w = 39 + x. What are the prime factors of w?
11
Let p be 16/2*3/6. Suppose -u = p*z - 3*z - 2, 4*z = -u - 10. Suppose -u = -4*k + 42. What are the prime factors of k?
2, 3
Let c be -1 + 5 + (1 - 4). What are the prime factors of (c/1)/((-2)/(-42))?
3, 7
Let p(x) = x + 10. Let w be p(-7). Let s be (-8)/((-2 - 1)/w). Suppose -2*g + 5*g - 6 = -5*n, 4*g - s = -3*n. What are the prime factors of g?
2
Suppose a - 65 = -2*a + b, -b - 19 = -a. List the prime factors of a.
23
Suppose -2*b + 0*y = 3*y - 98, -3*b = y - 147. What are the prime factors of b?
7
Suppose 3*p + c - 55 = 0, 0*p - 74 = -4*p - 2*c. Suppose g + p = 3*g. List the prime factors of g.
3
Let y = 128 - 57. Let v = y + -143. List the prime factors of 4/(-14) + v/(-7).
2, 5
Suppose 0 = -4*p + 77 - 25. Suppose -p + 1 = -2*v. List the prime factors of v.
2, 3
Suppose -2*s - 4*f = 2*s - 52, 24 = 4*s - 3*f. Let t be ((-1)/(-3))/((-4)/(-36)). Suppose -36 + s = -t*q. What are the prime factors of q?
3
Let u = 16 + -14. Suppose 4 = -u*s + 4*s + n, -5*n - 40 = -5*s. List the prime factors of s.
2
Suppose 3*k - 16 = -k. Suppose -k*j - 60 = -4*y, 4*j - 59 = y - 4*y. What are the prime factors of y?
17
Let y(b) = -5*b. Let a be (-4)/(-14) - (-48)/(-21). What are the prime factors of y(a)?
2, 5
Let c = 7 +